{"id":83,"date":"2015-09-21T11:40:12","date_gmt":"2015-09-21T11:40:12","guid":{"rendered":"http:\/\/www.ledmix.lt\/?page_id=83"},"modified":"2024-01-13T13:43:30","modified_gmt":"2024-01-13T11:43:30","slug":"kaip-pirkti","status":"publish","type":"page","link":"https:\/\/www.ledmix.lt\/?page_id=83","title":{"rendered":"Kaip pirkti?!"},"content":{"rendered":"<p><strong>PASIRINKITE PREK\u0118<\/strong><br \/>\nI\u0161sirinkite jums reikaling\u0105 prek\u0119, nukopijuokite nurodyt\u0105 eilut\u0119 apra\u0161ymo apa\u010dioje ir atsi\u0173skite j\u0105 su dominan\u010diais klausimais mums el. pa\u0161tu: uabpukusa@gmail.com.<br \/>\nGav\u0119 j\u016bs\u0173 lai\u0161kut\u012f, mes susisieksime su jumis ir atsakysime \u012f visus j\u016bs\u0173 pateiktus klausimus.<\/p>\n<p><strong>APMOK\u0116KITE U\u017d PREK\u0118<\/strong><br \/>\nApmok\u0117ti u\u017e prekes galima pavedimu \u012f m\u016bs\u0173 \u012fmon\u0117s s\u0105skait\u0105 arba grynaisiais pagal Pinig\u0173 pa\u0117mimo kvit\u0105. I\u0161ra\u0161ome s\u0105skaitas \u2013 fakt\u016bras.<\/p>\n<p><strong>GAUKITE PREK\u0118<\/strong><br \/>\nPrek\u0119 i\u0161siun\u010diame tik gav\u0119 apmok\u0117jim\u0105. Siun\u010diame \u012f kitus miestus\u00a0 per DPD pa\u0161tomatus.<br \/>\nSu klaip\u0117die\u010diais galime susitikti ir\u00a0perduoti prekes.<\/p>\n<p>LINKIME GER\u0172 PIRKINI\u0172!<\/p>\n<p>Pagarbiai,<br \/>\nUAB Pukusa<\/p>\n","protected":false},"excerpt":{"rendered":"<p>PASIRINKITE PREK\u0118 I\u0161sirinkite jums reikaling\u0105 prek\u0119, nukopijuokite nurodyt\u0105 eilut\u0119 apra\u0161ymo apa\u010dioje ir atsi\u0173skite j\u0105 su dominan\u010diais klausimais mums el. pa\u0161tu: uabpukusa@gmail.com. Gav\u0119 j\u016bs\u0173 lai\u0161kut\u012f, mes susisieksime su jumis ir atsakysime \u012f visus j\u016bs\u0173 pateiktus klausimus. APMOK\u0116KITE U\u017d PREK\u0118 Apmok\u0117ti u\u017e prekes galima pavedimu \u012f m\u016bs\u0173 \u012fmon\u0117s s\u0105skait\u0105 arba grynaisiais pagal Pinig\u0173 pa\u0117mimo kvit\u0105. I\u0161ra\u0161ome s\u0105skaitas &#8230; <span class=\"more\"><a class=\"more-link\" href=\"https:\/\/www.ledmix.lt\/?page_id=83\">[Read more&#8230;]<\/a><\/span><\/p>\n","protected":false},"author":1,"featured_media":0,"parent":0,"menu_order":0,"comment_status":"closed","ping_status":"closed","template":"","meta":[],"_links":{"self":[{"href":"https:\/\/www.ledmix.lt\/index.php?rest_route=\/wp\/v2\/pages\/83"}],"collection":[{"href":"https:\/\/www.ledmix.lt\/index.php?rest_route=\/wp\/v2\/pages"}],"about":[{"href":"https:\/\/www.ledmix.lt\/index.php?rest_route=\/wp\/v2\/types\/page"}],"author":[{"embeddable":true,"href":"https:\/\/www.ledmix.lt\/index.php?rest_route=\/wp\/v2\/users\/1"}],"replies":[{"embeddable":true,"href":"https:\/\/www.ledmix.lt\/index.php?rest_route=%2Fwp%2Fv2%2Fcomments&post=83"}],"version-history":[{"count":10,"href":"https:\/\/www.ledmix.lt\/index.php?rest_route=\/wp\/v2\/pages\/83\/revisions"}],"predecessor-version":[{"id":5717,"href":"https:\/\/www.ledmix.lt\/index.php?rest_route=\/wp\/v2\/pages\/83\/revisions\/5717"}],"wp:attachment":[{"href":"https:\/\/www.ledmix.lt\/index.php?rest_route=%2Fwp%2Fv2%2Fmedia&parent=83"}],"curies":[{"name":"wp","href":"https:\/\/api.w.org\/{rel}","templated":true}]}}